{"id":235,"date":"2019-01-23T23:57:36","date_gmt":"2019-01-23T22:57:36","guid":{"rendered":"http:\/\/olli-hertlein.de\/?page_id=235"},"modified":"2024-05-02T21:40:04","modified_gmt":"2024-05-02T19:40:04","slug":"startseite","status":"publish","type":"page","link":"http:\/\/olli-hertlein.de\/","title":{"rendered":"Startseite"},"content":{"rendered":"<p>[et_pb_section fb_built=&#8220;1&#8243; fullwidth=&#8220;on&#8220; _builder_version=&#8220;4.16&#8243; global_colors_info=&#8220;{}&#8220;][et_pb_fullwidth_header title=&#8220;Olli Hertlein &#8211; Fotografie&#8220; subhead=&#8220;Weil&#8217;s einfach Spa\u00df macht!&#8220; text_orientation=&#8220;center&#8220; button_one_text=&#8220;\u00dcber mich&#8220; button_one_url=&#8220;http:\/\/olli-hertlein.de\/?page_id=240&#8243; button_two_text=&#8220;Kontakt&#8220; button_two_url=&#8220;http:\/\/olli-hertlein.de\/?page_id=265&#8243; _builder_version=&#8220;4.21.0&#8243; title_text_align=&#8220;center&#8220; content_text_align=&#8220;center&#8220; subhead_text_align=&#8220;center&#8220; background_image=&#8220;http:\/\/olli-hertlein.de\/wp-content\/uploads\/2019\/03\/IMG_8839-3-e1553703166425.jpg&#8220; parallax=&#8220;on&#8220; custom_padding=&#8220;337px|||||&#8220; title_text_shadow_style=&#8220;preset2&#8243; global_colors_info=&#8220;{}&#8220;][\/et_pb_fullwidth_header][\/et_pb_section][et_pb_section fb_built=&#8220;1&#8243; custom_padding_last_edited=&#8220;on|desktop&#8220; admin_label=&#8220;section&#8220; _builder_version=&#8220;4.16&#8243; background_color=&#8220;rgba(255,255,255,0)&#8220; min_height=&#8220;933.1px&#8220; custom_padding=&#8220;22px||100px|||&#8220; custom_padding_tablet=&#8220;50px|0|50px|0&#8243; custom_padding_phone=&#8220;&#8220; transparent_background=&#8220;on&#8220; padding_mobile=&#8220;off&#8220; make_fullwidth=&#8220;off&#8220; use_custom_width=&#8220;off&#8220; width_unit=&#8220;on&#8220; global_colors_info=&#8220;{}&#8220;][et_pb_row column_structure=&#8220;1_3,1_3,1_3&#8243; padding_mobile=&#8220;off&#8220; column_padding_mobile=&#8220;on&#8220; admin_label=&#8220;row&#8220; _builder_version=&#8220;4.16&#8243; background_size=&#8220;initial&#8220; background_position=&#8220;top_left&#8220; background_repeat=&#8220;repeat&#8220; make_fullwidth=&#8220;off&#8220; use_custom_width=&#8220;off&#8220; width_unit=&#8220;on&#8220; global_colors_info=&#8220;{}&#8220;][et_pb_column type=&#8220;1_3&#8243; _builder_version=&#8220;4.16&#8243; custom_padding=&#8220;|||&#8220; global_colors_info=&#8220;{}&#8220; custom_padding__hover=&#8220;|||&#8220;][et_pb_image src=&#8220;http:\/\/olli-hertlein.de\/wp-content\/uploads\/2019\/03\/IMG_8723-2.jpg&#8220; align_tablet=&#8220;center&#8220; align_phone=&#8220;&#8220; align_last_edited=&#8220;on|desktop&#8220; admin_label=&#8220;H+L Daumen hoch&#8220; _builder_version=&#8220;4.16&#8243; max_width=&#8220;260px&#8220; animation_style=&#8220;slide&#8220; animation_direction=&#8220;left&#8220; animation_duration=&#8220;500ms&#8220; animation_intensity_slide=&#8220;10%&#8220; border_width_all=&#8220;1&#8243; border_color_all=&#8220;#e09900&#8243; use_border_color=&#8220;on&#8220; global_colors_info=&#8220;{}&#8220;][\/et_pb_image][et_pb_text admin_label=&#8220;Kids&#8220; _builder_version=&#8220;4.16&#8243; background_size=&#8220;initial&#8220; background_position=&#8220;top_left&#8220; background_repeat=&#8220;repeat&#8220; use_border_color=&#8220;off&#8220; global_colors_info=&#8220;{}&#8220;]<\/p>\n<h2>Kids, Family &amp; Co.<\/h2>\n<p>Familienfotografie vom Profi f\u00fcr die besonderen Bilder. Ob Indoor bei euch zu Hause oder Outdoor, ob klassisches Familienportrait oder Momentaufnahme&#8230; Wenn ihr sp\u00e4ter diese Bilder anschaut und sie euch ein L\u00e4cheln ins Gesicht zaubern, ist meine Mission erf\u00fcllt.<\/p>\n<p>Um solche Momente zu schaffen, ist eine sch\u00f6ne Atmosph\u00e4re wichtig und Spa\u00df f\u00fcr alle, die am Shooting\u00a0 beteiligt sind.<\/p>\n<p>[\/et_pb_text][\/et_pb_column][et_pb_column type=&#8220;1_3&#8243; _builder_version=&#8220;4.16&#8243; custom_padding=&#8220;|||&#8220; global_colors_info=&#8220;{}&#8220; custom_padding__hover=&#8220;|||&#8220;][et_pb_image src=&#8220;http:\/\/olli-hertlein.de\/wp-content\/uploads\/2019\/03\/IMG_4998-2.jpg&#8220; align_tablet=&#8220;center&#8220; align_phone=&#8220;&#8220; align_last_edited=&#8220;on|desktop&#8220; admin_label=&#8220;Henri 3\/4&#8243; _builder_version=&#8220;4.16&#8243; max_width=&#8220;260px&#8220; animation_style=&#8220;slide&#8220; animation_direction=&#8220;left&#8220; animation_duration=&#8220;500ms&#8220; animation_intensity_slide=&#8220;10%&#8220; border_width_all=&#8220;1&#8243; border_color_all=&#8220;#e09900&#8243; use_border_color=&#8220;on&#8220; global_colors_info=&#8220;{}&#8220;][\/et_pb_image][et_pb_text admin_label=&#8220;Potrait&#8220; _builder_version=&#8220;4.16&#8243; background_size=&#8220;initial&#8220; background_position=&#8220;top_left&#8220; background_repeat=&#8220;repeat&#8220; use_border_color=&#8220;off&#8220; global_colors_info=&#8220;{}&#8220;]<\/p>\n<h2>Kita und Schule<\/h2>\n<p>Nat\u00fcrliche Portraits in der Kindergarten- und Grundschulfotografie sind ein Anspruch, den jeder haben sollte, der das anbietet.\u00a0<\/p>\n<p>Wenn die Eltern sagen: &#8222;Ja, das ist mein Kind!&#8220; oder fr\u00f6hlich best\u00e4tigen &#8222;Ja, so ist er\/sie&#8220;, dann habe ich meinen Job richtig gemacht.<\/p>\n<p>[\/et_pb_text][\/et_pb_column][et_pb_column type=&#8220;1_3&#8243; _builder_version=&#8220;4.16&#8243; custom_padding=&#8220;|||&#8220; global_colors_info=&#8220;{}&#8220; custom_padding__hover=&#8220;|||&#8220;][et_pb_image src=&#8220;http:\/\/olli-hertlein.de\/wp-content\/uploads\/2019\/03\/IMG_2565-2.jpg&#8220; align_tablet=&#8220;center&#8220; align_phone=&#8220;&#8220; align_last_edited=&#8220;on|desktop&#8220; admin_label=&#8220;Henri mit Yamaha&#8220; _builder_version=&#8220;4.16&#8243; max_width=&#8220;260px&#8220; animation_style=&#8220;slide&#8220; animation_direction=&#8220;left&#8220; animation_duration=&#8220;500ms&#8220; animation_intensity_slide=&#8220;10%&#8220; border_width_all=&#8220;1&#8243; border_color_all=&#8220;#e09900&#8243; use_border_color=&#8220;on&#8220; global_colors_info=&#8220;{}&#8220;][\/et_pb_image][et_pb_text admin_label=&#8220;Events&#8220; _builder_version=&#8220;4.16&#8243; background_size=&#8220;initial&#8220; background_position=&#8220;top_left&#8220; background_repeat=&#8220;repeat&#8220; use_border_color=&#8220;off&#8220; global_colors_info=&#8220;{}&#8220;]<\/p>\n<h2>Gruppen, Events, Vereine<\/h2>\n<p>Ob ruhiges oder rasantes Hobby, ob kleine oder gro\u00dfe Gruppen, Teams, Mannschaften, ob feierlich oder locker:<\/p>\n<p>Sprechen Sie mich an und wir R\u00fccken Ihr Event, Ihre Gruppe oder Ihre G\u00e4ste ins Rechte Licht.<br \/>Egal ob Sportgruppen, Firmenteam, Abiball, Konfirmation, Kommunion, Abschlussball, &#8230;<\/p>\n<p>[\/et_pb_text][\/et_pb_column][\/et_pb_row][\/et_pb_section]<\/p>\n","protected":false},"excerpt":{"rendered":"<p>Kids, Family &amp; Co. Familienfotografie vom Profi f\u00fcr die besonderen Bilder. Ob Indoor bei euch zu Hause oder Outdoor, ob klassisches Familienportrait oder Momentaufnahme&#8230; Wenn ihr sp\u00e4ter diese Bilder anschaut und sie euch ein L\u00e4cheln ins Gesicht zaubern, ist meine Mission erf\u00fcllt. Um solche Momente zu schaffen, ist eine sch\u00f6ne Atmosph\u00e4re wichtig und Spa\u00df f\u00fcr [&hellip;]<\/p>\n","protected":false},"author":1,"featured_media":0,"parent":0,"menu_order":0,"comment_status":"closed","ping_status":"closed","template":"","meta":{"_et_pb_use_builder":"on","_et_pb_old_content":"","_et_gb_content_width":"","footnotes":""},"_links":{"self":[{"href":"http:\/\/olli-hertlein.de\/index.php?rest_route=\/wp\/v2\/pages\/235"}],"collection":[{"href":"http:\/\/olli-hertlein.de\/index.php?rest_route=\/wp\/v2\/pages"}],"about":[{"href":"http:\/\/olli-hertlein.de\/index.php?rest_route=\/wp\/v2\/types\/page"}],"author":[{"embeddable":true,"href":"http:\/\/olli-hertlein.de\/index.php?rest_route=\/wp\/v2\/users\/1"}],"replies":[{"embeddable":true,"href":"http:\/\/olli-hertlein.de\/index.php?rest_route=%2Fwp%2Fv2%2Fcomments&post=235"}],"version-history":[{"count":52,"href":"http:\/\/olli-hertlein.de\/index.php?rest_route=\/wp\/v2\/pages\/235\/revisions"}],"predecessor-version":[{"id":533,"href":"http:\/\/olli-hertlein.de\/index.php?rest_route=\/wp\/v2\/pages\/235\/revisions\/533"}],"wp:attachment":[{"href":"http:\/\/olli-hertlein.de\/index.php?rest_route=%2Fwp%2Fv2%2Fmedia&parent=235"}],"curies":[{"name":"wp","href":"https:\/\/api.w.org\/{rel}","templated":true}]}}

<p>[et_pb_section fb_built=&#8220;1&#8243; fullwidth=&#8220;on&#8220; _builder_version=&#8220;4.16&#8243; global_colors_info=&#8220;{}&#8220;][et_pb_fullwidth_header title=&#8220;Olli Hertlein &#8211; Fotografie&#8220; subhead=&#8220;Weil&#8217;s einfach Spaß macht!&#8220; text_orientation=&#8220;center&#8220; button_one_text=&#8220;Über mich&#8220; button_one_url=&#8220;http://olli-hertlein.de/?page_id=240&#8243; button_two_text=&#8220;Kontakt&#8220; button_two_url=&#8220;http://olli-hertlein.de/?page_id=265&#8243; _builder_version=&#8220;4.21.0&#8243; title_text_align=&#8220;center&#8220; content_text_align=&#8220;center&#8220; subhead_text_align=&#8220;center&#8220; background_image=&#8220;http://olli-hertlein.de/wp-content/uploads/2019/03/IMG_8839-3-e1553703166425.jpg&#8220; parallax=&#8220;on&#8220; custom_padding=&#8220;337px|||||&#8220; title_text_shadow_style=&#8220;preset2&#8243; global_colors_info=&#8220;{}&#8220;][/et_pb_fullwidth_header][/et_pb_section][et_pb_section fb_built=&#8220;1&#8243; custom_padding_last_edited=&#8220;on|desktop&#8220; admin_label=&#8220;section&#8220; _builder_version=&#8220;4.16&#8243; background_color=&#8220;rgba(255,255,255,0)&#8220; min_height=&#8220;933.1px&#8220; custom_padding=&#8220;22px||100px|||&#8220; custom_padding_tablet=&#8220;50px|0|50px|0&#8243; custom_padding_phone=&#8220;&#8220; transparent_background=&#8220;on&#8220; padding_mobile=&#8220;off&#8220; make_fullwidth=&#8220;off&#8220; use_custom_width=&#8220;off&#8220; width_unit=&#8220;on&#8220; global_colors_info=&#8220;{}&#8220;][et_pb_row column_structure=&#8220;1_3,1_3,1_3&#8243; padding_mobile=&#8220;off&#8220; column_padding_mobile=&#8220;on&#8220; admin_label=&#8220;row&#8220; _builder_version=&#8220;4.16&#8243; background_size=&#8220;initial&#8220; background_position=&#8220;top_left&#8220; background_repeat=&#8220;repeat&#8220; make_fullwidth=&#8220;off&#8220; use_custom_width=&#8220;off&#8220; width_unit=&#8220;on&#8220; global_colors_info=&#8220;{}&#8220;][et_pb_column type=&#8220;1_3&#8243; _builder_version=&#8220;4.16&#8243; custom_padding=&#8220;|||&#8220; global_colors_info=&#8220;{}&#8220; custom_padding__hover=&#8220;|||&#8220;][et_pb_image src=&#8220;http://olli-hertlein.de/wp-content/uploads/2019/03/IMG_8723-2.jpg&#8220; align_tablet=&#8220;center&#8220; align_phone=&#8220;&#8220; align_last_edited=&#8220;on|desktop&#8220; admin_label=&#8220;H+L Daumen hoch&#8220; _builder_version=&#8220;4.16&#8243; max_width=&#8220;260px&#8220; animation_style=&#8220;slide&#8220; animation_direction=&#8220;left&#8220; animation_duration=&#8220;500ms&#8220; animation_intensity_slide=&#8220;10%&#8220; border_width_all=&#8220;1&#8243; border_color_all=&#8220;#e09900&#8243; use_border_color=&#8220;on&#8220; global_colors_info=&#8220;{}&#8220;][/et_pb_image][et_pb_text admin_label=&#8220;Kids&#8220; _builder_version=&#8220;4.16&#8243; background_size=&#8220;initial&#8220; background_position=&#8220;top_left&#8220; background_repeat=&#8220;repeat&#8220; use_border_color=&#8220;off&#8220; global_colors_info=&#8220;{}&#8220;]</p>
<h2>Kids, Family &amp; Co.</h2>
<p>Familienfotografie vom Profi für die besonderen Bilder. Ob Indoor bei euch zu Hause oder Outdoor, ob klassisches Familienportrait oder Momentaufnahme&#8230; Wenn ihr später diese Bilder anschaut und sie euch ein Lächeln ins Gesicht zaubern, ist meine Mission erfüllt.</p>
<p>Um solche Momente zu schaffen, ist eine schöne Atmosphäre wichtig und Spaß für alle, die am Shooting  beteiligt sind.</p>
<p>[/et_pb_text][/et_pb_column][et_pb_column type=&#8220;1_3&#8243; _builder_version=&#8220;4.16&#8243; custom_padding=&#8220;|||&#8220; global_colors_info=&#8220;{}&#8220; custom_padding__hover=&#8220;|||&#8220;][et_pb_image src=&#8220;http://olli-hertlein.de/wp-content/uploads/2019/03/IMG_4998-2.jpg&#8220; align_tablet=&#8220;center&#8220; align_phone=&#8220;&#8220; align_last_edited=&#8220;on|desktop&#8220; admin_label=&#8220;Henri 3/4&#8243; _builder_version=&#8220;4.16&#8243; max_width=&#8220;260px&#8220; animation_style=&#8220;slide&#8220; animation_direction=&#8220;left&#8220; animation_duration=&#8220;500ms&#8220; animation_intensity_slide=&#8220;10%&#8220; border_width_all=&#8220;1&#8243; border_color_all=&#8220;#e09900&#8243; use_border_color=&#8220;on&#8220; global_colors_info=&#8220;{}&#8220;][/et_pb_image][et_pb_text admin_label=&#8220;Potrait&#8220; _builder_version=&#8220;4.16&#8243; background_size=&#8220;initial&#8220; background_position=&#8220;top_left&#8220; background_repeat=&#8220;repeat&#8220; use_border_color=&#8220;off&#8220; global_colors_info=&#8220;{}&#8220;]</p>
<h2>Kita und Schule</h2>
<p>Natürliche Portraits in der Kindergarten- und Grundschulfotografie sind ein Anspruch, den jeder haben sollte, der das anbietet. </p>
<p>Wenn die Eltern sagen: &#8222;Ja, das ist mein Kind!&#8220; oder fröhlich bestätigen &#8222;Ja, so ist er/sie&#8220;, dann habe ich meinen Job richtig gemacht.</p>
<p>[/et_pb_text][/et_pb_column][et_pb_column type=&#8220;1_3&#8243; _builder_version=&#8220;4.16&#8243; custom_padding=&#8220;|||&#8220; global_colors_info=&#8220;{}&#8220; custom_padding__hover=&#8220;|||&#8220;][et_pb_image src=&#8220;http://olli-hertlein.de/wp-content/uploads/2019/03/IMG_2565-2.jpg&#8220; align_tablet=&#8220;center&#8220; align_phone=&#8220;&#8220; align_last_edited=&#8220;on|desktop&#8220; admin_label=&#8220;Henri mit Yamaha&#8220; _builder_version=&#8220;4.16&#8243; max_width=&#8220;260px&#8220; animation_style=&#8220;slide&#8220; animation_direction=&#8220;left&#8220; animation_duration=&#8220;500ms&#8220; animation_intensity_slide=&#8220;10%&#8220; border_width_all=&#8220;1&#8243; border_color_all=&#8220;#e09900&#8243; use_border_color=&#8220;on&#8220; global_colors_info=&#8220;{}&#8220;][/et_pb_image][et_pb_text admin_label=&#8220;Events&#8220; _builder_version=&#8220;4.16&#8243; background_size=&#8220;initial&#8220; background_position=&#8220;top_left&#8220; background_repeat=&#8220;repeat&#8220; use_border_color=&#8220;off&#8220; global_colors_info=&#8220;{}&#8220;]</p>
<h2>Gruppen, Events, Vereine</h2>
<p>Ob ruhiges oder rasantes Hobby, ob kleine oder große Gruppen, Teams, Mannschaften, ob feierlich oder locker:</p>
<p>Sprechen Sie mich an und wir Rücken Ihr Event, Ihre Gruppe oder Ihre Gäste ins Rechte Licht.<br />Egal ob Sportgruppen, Firmenteam, Abiball, Konfirmation, Kommunion, Abschlussball, &#8230;</p>
<p>[/et_pb_text][/et_pb_column][/et_pb_row][/et_pb_section]</p>

<p>Kids, Family &amp; Co. Familienfotografie vom Profi für die besonderen Bilder. Ob Indoor bei euch zu Hause oder Outdoor, ob klassisches Familienportrait oder Momentaufnahme&#8230; Wenn ihr später diese Bilder anschaut und sie euch ein Lächeln ins Gesicht zaubern, ist meine Mission erfüllt. Um solche Momente zu schaffen, ist eine schöne Atmosphäre wichtig und Spaß für [&hellip;]</p>
